{"id":7690,"date":"2022-11-24T21:56:22","date_gmt":"2022-11-24T20:56:22","guid":{"rendered":"https:\/\/recursing-goldberg.89-163-214-15.plesk.page\/?page_id=7690"},"modified":"2023-07-18T13:51:38","modified_gmt":"2023-07-18T11:51:38","slug":"schliessfach-anmieten","status":"publish","type":"page","link":"https:\/\/wordpress.ilmer-barg.de\/?page_id=7690","title":{"rendered":"Schlie\u00dffach anmieten"},"content":{"rendered":"<div class=\"wpb-content-wrapper\"><p>[vc_row css=&#8220;.vc_custom_1669324334780{margin-top: 20px !important;}&#8220;][vc_column width=&#8220;2\/3&#8243;][vc_column_text]<\/p>\n<div class=\"wpb_text_column wpb_content_element \">\n<div class=\"wpb_wrapper\">\n<p>M\u00f6chten Sie ihrem Kind erm\u00f6glichen Fahrradhelm, B\u00fccher, nicht ben\u00f6tigte Materialien, usw. an einem sicheren Ort in der Schule zu verstauen ? Dann nutzen Sie die M\u00f6glichkeit ein pers\u00f6nliches Schlie\u00dffach zu mieten. Die F\u00e4cher haben einen praktischen USB-C Anschluss zum Laden von Handy, Notebooks oder Tablets. Die Schlie\u00dff\u00e4cher gibt es ab 2 Euro im Monat (+ einmalig 12\u20ac Versicherung) in zwei verschiedenen Gr\u00f6\u00dfen anzumieten. Man findet sie im Atrium des Neubaus.<\/p>\n<p>Die Anmietung, K\u00fcndigung und die Organisation rund um die Schlie\u00dff\u00e4cher erfolgt direkt \u00fcber den Anbieter AstraDirekt und kann in wenigen Schritten auf der Website von AstraDirect durchgef\u00fchrt werden.<\/p>\n<p>Gerne k\u00f6nnen sich auch Kinder ein Schlie\u00dffach teilen, da die F\u00e4cher mit einem Zahlencode zu \u00f6ffnen sind, also kein Schl\u00fcssel ben\u00f6tigt wird !<\/p>\n<\/div>\n<\/div>\n<p>[\/vc_column_text][vc_separator][\/vc_column][vc_column width=&#8220;1\/3&#8243;][vc_single_image image=&#8220;7684&#8243; alignment=&#8220;center&#8220;][vc_btn title=&#8220;Schlie\u00dffach mieten&#8220; style=&#8220;classic&#8220; color=&#8220;success&#8220; align=&#8220;center&#8220; button_block=&#8220;true&#8220; link=&#8220;url:https%3A%2F%2Fwww.astradirect.de%2Ffach-mieten%2F4373|target:_blank&#8220;][vc_separator][\/vc_column][\/vc_row]<\/p>\n<\/div>","protected":false},"excerpt":{"rendered":"<p>[vc_row css=&#8220;.vc_custom_1669324334780{margin-top: 20px !important;}&#8220;][vc_column width=&#8220;2\/3&#8243;][vc_column_text] M\u00f6chten Sie ihrem Kind erm\u00f6glichen Fahrradhelm, B\u00fccher, nicht ben\u00f6tigte Materialien, usw. an einem sicheren Ort in der Schule zu verstauen ? Dann nutzen Sie die M\u00f6glichkeit ein pers\u00f6nliches Schlie\u00dffach zu mieten. Die F\u00e4cher haben einen praktischen USB-C Anschluss zum Laden von Handy, Notebooks oder Tablets. Die Schlie\u00dff\u00e4cher gibt es ab [&hellip;]<\/p>\n","protected":false},"author":6,"featured_media":0,"parent":0,"menu_order":0,"comment_status":"closed","ping_status":"closed","template":"","meta":{"footnotes":""},"class_list":["post-7690","page","type-page","status-publish","hentry"],"_links":{"self":[{"href":"https:\/\/wordpress.ilmer-barg.de\/index.php?rest_route=\/wp\/v2\/pages\/7690","targetHints":{"allow":["GET"]}}],"collection":[{"href":"https:\/\/wordpress.ilmer-barg.de\/index.php?rest_route=\/wp\/v2\/pages"}],"about":[{"href":"https:\/\/wordpress.ilmer-barg.de\/index.php?rest_route=\/wp\/v2\/types\/page"}],"author":[{"embeddable":true,"href":"https:\/\/wordpress.ilmer-barg.de\/index.php?rest_route=\/wp\/v2\/users\/6"}],"replies":[{"embeddable":true,"href":"https:\/\/wordpress.ilmer-barg.de\/index.php?rest_route=%2Fwp%2Fv2%2Fcomments&post=7690"}],"version-history":[{"count":8,"href":"https:\/\/wordpress.ilmer-barg.de\/index.php?rest_route=\/wp\/v2\/pages\/7690\/revisions"}],"predecessor-version":[{"id":8308,"href":"https:\/\/wordpress.ilmer-barg.de\/index.php?rest_route=\/wp\/v2\/pages\/7690\/revisions\/8308"}],"wp:attachment":[{"href":"https:\/\/wordpress.ilmer-barg.de\/index.php?rest_route=%2Fwp%2Fv2%2Fmedia&parent=7690"}],"curies":[{"name":"wp","href":"https:\/\/api.w.org\/{rel}","templated":true}]}}

Schließfach anmieten

<div class="wpb-content-wrapper"><p>[vc_row css=&#8220;.vc_custom_1669324334780{margin-top: 20px !important;}&#8220;][vc_column width=&#8220;2/3&#8243;][vc_column_text]</p>
<div class="wpb_text_column wpb_content_element ">
<div class="wpb_wrapper">
<p>Möchten Sie ihrem Kind ermöglichen Fahrradhelm, Bücher, nicht benötigte Materialien, usw. an einem sicheren Ort in der Schule zu verstauen ? Dann nutzen Sie die Möglichkeit ein persönliches Schließfach zu mieten. Die Fächer haben einen praktischen USB-C Anschluss zum Laden von Handy, Notebooks oder Tablets. Die Schließfächer gibt es ab 2 Euro im Monat (+ einmalig 12€ Versicherung) in zwei verschiedenen Größen anzumieten. Man findet sie im Atrium des Neubaus.</p>
<p>Die Anmietung, Kündigung und die Organisation rund um die Schließfächer erfolgt direkt über den Anbieter AstraDirekt und kann in wenigen Schritten auf der Website von AstraDirect durchgeführt werden.</p>
<p>Gerne können sich auch Kinder ein Schließfach teilen, da die Fächer mit einem Zahlencode zu öffnen sind, also kein Schlüssel benötigt wird !</p>
</div>
</div>
<p>[/vc_column_text][vc_separator][/vc_column][vc_column width=&#8220;1/3&#8243;][vc_single_image image=&#8220;7684&#8243; alignment=&#8220;center&#8220;][vc_btn title=&#8220;Schließfach mieten&#8220; style=&#8220;classic&#8220; color=&#8220;success&#8220; align=&#8220;center&#8220; button_block=&#8220;true&#8220; link=&#8220;url:https%3A%2F%2Fwww.astradirect.de%2Ffach-mieten%2F4373|target:_blank&#8220;][vc_separator][/vc_column][/vc_row]</p>
</div>

<p>[vc_row css=&#8220;.vc_custom_1669324334780{margin-top: 20px !important;}&#8220;][vc_column width=&#8220;2/3&#8243;][vc_column_text] Möchten Sie ihrem Kind ermöglichen Fahrradhelm, Bücher, nicht benötigte Materialien, usw. an einem sicheren Ort in der Schule zu verstauen ? Dann nutzen Sie die Möglichkeit ein persönliches Schließfach zu mieten. Die Fächer haben einen praktischen USB-C Anschluss zum Laden von Handy, Notebooks oder Tablets. Die Schließfächer gibt es ab [&hellip;]</p>
