{"id":4295,"date":"2019-05-16T13:31:06","date_gmt":"2019-05-16T11:31:06","guid":{"rendered":"https:\/\/recursing-goldberg.89-163-214-15.plesk.page\/?page_id=4295"},"modified":"2021-03-24T09:03:02","modified_gmt":"2021-03-24T08:03:02","slug":"admissions-3-7-3","status":"publish","type":"page","link":"https:\/\/wordpress.ilmer-barg.de\/?page_id=4295","title":{"rendered":"AG-Wahl"},"content":{"rendered":"<div class=\"wpb-content-wrapper\"><p>[vc_row full_width=&#8220;stretch_row&#8220; css=&#8220;.vc_custom_1557998002288{padding-top: 45px !important;}&#8220;][vc_column][vc_column_text]<\/p>\n<section class=\"elementor-element elementor-element-b1ef104 elementor-section-boxed elementor-section-height-default elementor-section-height-default elementor-section elementor-top-section\" data-id=\"b1ef104\" data-element_type=\"section\">\n<div class=\"elementor-container elementor-column-gap-default\">\n<div class=\"elementor-row\">\n<div class=\"elementor-element elementor-element-b82e910 elementor-column elementor-col-100 elementor-top-column\" data-id=\"b82e910\" data-element_type=\"column\">\n<div class=\"elementor-column-wrap elementor-element-populated\">\n<div class=\"elementor-widget-wrap\">\n<div class=\"elementor-element elementor-element-66861cd elementor-widget elementor-widget-text-editor\" data-id=\"66861cd\" data-element_type=\"widget\" data-widget_type=\"text-editor.default\">\n<div class=\"elementor-widget-container\">\n<p>An der Oberschule Am Ilmer Barg ist jeder Sch\u00fcler von Klasse 5 bis 10 verpflichtet an mindestens einem Nachmittag in der Wochen an einer AG (Arbeitsgemeinschaft) teilzunehmen. Die Wahl der AG findet jeweils zu Beginn eines jeden Schuljahres statt. Sie ist ein Schuljahr g\u00fcltig. Die Sch\u00fcler w\u00e4hlen auch hier nach ihren pers\u00f6nlichen Interessen und Neigungen aus einem breiten Angebot aus.<\/p>\n<\/div>\n<\/div>\n<\/div>\n<\/div>\n<\/div>\n<\/div>\n<\/div>\n<\/section>\n<p>[\/vc_column_text][vc_separator][vc_column_text]<\/p>\n<section class=\"elementor-element elementor-element-b1ef104 elementor-section-boxed elementor-section-height-default elementor-section-height-default elementor-section elementor-top-section\" data-id=\"b1ef104\" data-element_type=\"section\">\n<div class=\"elementor-container elementor-column-gap-default\">\n<div class=\"elementor-row\">\n<div class=\"elementor-element elementor-element-b82e910 elementor-column elementor-col-100 elementor-top-column\" data-id=\"b82e910\" data-element_type=\"column\">\n<div class=\"elementor-column-wrap elementor-element-populated\">\n<div class=\"elementor-widget-wrap\">\n<div class=\"elementor-element elementor-element-66861cd elementor-widget elementor-widget-text-editor\" data-id=\"66861cd\" data-element_type=\"widget\" data-widget_type=\"text-editor.default\">\n<div class=\"elementor-widget-container\">\n<p>Beispielsweise wurden die folgenden Arbeitsgemeinschaften in den letzten Jahren angeboten:<\/p>\n<\/div>\n<\/div>\n<\/div>\n<\/div>\n<\/div>\n<\/div>\n<\/div>\n<\/section>\n<p>[\/vc_column_text][\/vc_column][\/vc_row][vc_row][vc_column width=&#8220;1\/4&#8243;][vc_column_text css=&#8220;.vc_custom_1557998271040{background-color: #dd9933 !important;}&#8220;]<\/p>\n<p style=\"text-align: center;\"><span style=\"color: #ffffff;\"><strong>Kreative Angebote<\/strong><\/span><\/p>\n<p>[\/vc_column_text][vc_column_text]<\/p>\n<p style=\"text-align: center;\">z.B. Kreativwerkstatt, Schulgestaltung,<br \/>\nSchreibwerkstatt, Fotografie[\/vc_column_text][\/vc_column][vc_column width=&#8220;1\/4&#8243;][vc_column_text css=&#8220;.vc_custom_1557998384185{background-color: #1fc4b3 !important;}&#8220;]<\/p>\n<p style=\"text-align: center;\"><span style=\"color: #ffffff;\"><strong>Sportliche Angebote<\/strong><\/span><\/p>\n<p>[\/vc_column_text][vc_column_text]<\/p>\n<p style=\"text-align: center;\">z.B. Fu\u00dfball, M\u00e4dchensport, Tanzen, Sportspiele, Ballspiele<\/p>\n<p>[\/vc_column_text][\/vc_column][vc_column width=&#8220;1\/4&#8243;][vc_column_text css=&#8220;.vc_custom_1558006310654{background-color: #dd3333 !important;}&#8220;]<\/p>\n<p style=\"text-align: center;\"><span style=\"color: #ffffff;\"><strong>Handwerkliche Angebote<\/strong><\/span><\/p>\n<p>[\/vc_column_text][vc_column_text]<\/p>\n<p style=\"text-align: center;\">z. B. Holzwerkstatt, Sch\u00fclerfirma Buntmetalic, Kochen und Backen, Minitaturwunderland<\/p>\n<p>[\/vc_column_text][\/vc_column][vc_column width=&#8220;1\/4&#8243;][vc_column_text css=&#8220;.vc_custom_1557998422182{background-color: #1e73be !important;}&#8220;]<\/p>\n<p style=\"text-align: center;\"><span style=\"color: #ffffff;\"><strong>Soziale Angebote<\/strong><br \/>\n<\/span>[\/vc_column_text][vc_column_text]<\/p>\n<p style=\"text-align: center;\">z.B. Sch\u00fclervertretung, M\u00e4dchen-AG, Reso-Gang, Gesellschaftsspiele<\/p>\n<p>[\/vc_column_text][\/vc_column][\/vc_row]<\/p>\n<\/div>","protected":false},"excerpt":{"rendered":"<p>[vc_row full_width=&#8220;stretch_row&#8220; css=&#8220;.vc_custom_1557998002288{padding-top: 45px !important;}&#8220;][vc_column][vc_column_text] An der Oberschule Am Ilmer Barg ist jeder Sch\u00fcler von Klasse 5 bis 10 verpflichtet an mindestens einem Nachmittag in der Wochen an einer AG (Arbeitsgemeinschaft) teilzunehmen. Die Wahl der AG findet jeweils zu Beginn eines jeden Schuljahres statt. Sie ist ein Schuljahr g\u00fcltig. Die Sch\u00fcler w\u00e4hlen auch hier nach [&hellip;]<\/p>\n","protected":false},"author":5,"featured_media":0,"parent":0,"menu_order":0,"comment_status":"closed","ping_status":"closed","template":"","meta":{"footnotes":""},"class_list":["post-4295","page","type-page","status-publish","hentry"],"_links":{"self":[{"href":"https:\/\/wordpress.ilmer-barg.de\/index.php?rest_route=\/wp\/v2\/pages\/4295","targetHints":{"allow":["GET"]}}],"collection":[{"href":"https:\/\/wordpress.ilmer-barg.de\/index.php?rest_route=\/wp\/v2\/pages"}],"about":[{"href":"https:\/\/wordpress.ilmer-barg.de\/index.php?rest_route=\/wp\/v2\/types\/page"}],"author":[{"embeddable":true,"href":"https:\/\/wordpress.ilmer-barg.de\/index.php?rest_route=\/wp\/v2\/users\/5"}],"replies":[{"embeddable":true,"href":"https:\/\/wordpress.ilmer-barg.de\/index.php?rest_route=%2Fwp%2Fv2%2Fcomments&post=4295"}],"version-history":[{"count":4,"href":"https:\/\/wordpress.ilmer-barg.de\/index.php?rest_route=\/wp\/v2\/pages\/4295\/revisions"}],"predecessor-version":[{"id":6592,"href":"https:\/\/wordpress.ilmer-barg.de\/index.php?rest_route=\/wp\/v2\/pages\/4295\/revisions\/6592"}],"wp:attachment":[{"href":"https:\/\/wordpress.ilmer-barg.de\/index.php?rest_route=%2Fwp%2Fv2%2Fmedia&parent=4295"}],"curies":[{"name":"wp","href":"https:\/\/api.w.org\/{rel}","templated":true}]}}

<div class="wpb-content-wrapper"><p>[vc_row full_width=&#8220;stretch_row&#8220; css=&#8220;.vc_custom_1557998002288{padding-top: 45px !important;}&#8220;][vc_column][vc_column_text]</p>
<section class="elementor-element elementor-element-b1ef104 elementor-section-boxed elementor-section-height-default elementor-section-height-default elementor-section elementor-top-section" data-id="b1ef104" data-element_type="section">
<div class="elementor-container elementor-column-gap-default">
<div class="elementor-row">
<div class="elementor-element elementor-element-b82e910 elementor-column elementor-col-100 elementor-top-column" data-id="b82e910" data-element_type="column">
<div class="elementor-column-wrap elementor-element-populated">
<div class="elementor-widget-wrap">
<div class="elementor-element elementor-element-66861cd elementor-widget elementor-widget-text-editor" data-id="66861cd" data-element_type="widget" data-widget_type="text-editor.default">
<div class="elementor-widget-container">
<p>An der Oberschule Am Ilmer Barg ist jeder Schüler von Klasse 5 bis 10 verpflichtet an mindestens einem Nachmittag in der Wochen an einer AG (Arbeitsgemeinschaft) teilzunehmen. Die Wahl der AG findet jeweils zu Beginn eines jeden Schuljahres statt. Sie ist ein Schuljahr gültig. Die Schüler wählen auch hier nach ihren persönlichen Interessen und Neigungen aus einem breiten Angebot aus.</p>
</div>
</div>
</div>
</div>
</div>
</div>
</div>
</section>
<p>[/vc_column_text][vc_separator][vc_column_text]</p>
<section class="elementor-element elementor-element-b1ef104 elementor-section-boxed elementor-section-height-default elementor-section-height-default elementor-section elementor-top-section" data-id="b1ef104" data-element_type="section">
<div class="elementor-container elementor-column-gap-default">
<div class="elementor-row">
<div class="elementor-element elementor-element-b82e910 elementor-column elementor-col-100 elementor-top-column" data-id="b82e910" data-element_type="column">
<div class="elementor-column-wrap elementor-element-populated">
<div class="elementor-widget-wrap">
<div class="elementor-element elementor-element-66861cd elementor-widget elementor-widget-text-editor" data-id="66861cd" data-element_type="widget" data-widget_type="text-editor.default">
<div class="elementor-widget-container">
<p>Beispielsweise wurden die folgenden Arbeitsgemeinschaften in den letzten Jahren angeboten:</p>
</div>
</div>
</div>
</div>
</div>
</div>
</div>
</section>
<p>[/vc_column_text][/vc_column][/vc_row][vc_row][vc_column width=&#8220;1/4&#8243;][vc_column_text css=&#8220;.vc_custom_1557998271040{background-color: #dd9933 !important;}&#8220;]</p>
<p style="text-align: center;"><span style="color: #ffffff;"><strong>Kreative Angebote</strong></span></p>
<p>[/vc_column_text][vc_column_text]</p>
<p style="text-align: center;">z.B. Kreativwerkstatt, Schulgestaltung,<br />
Schreibwerkstatt, Fotografie[/vc_column_text][/vc_column][vc_column width=&#8220;1/4&#8243;][vc_column_text css=&#8220;.vc_custom_1557998384185{background-color: #1fc4b3 !important;}&#8220;]</p>
<p style="text-align: center;"><span style="color: #ffffff;"><strong>Sportliche Angebote</strong></span></p>
<p>[/vc_column_text][vc_column_text]</p>
<p style="text-align: center;">z.B. Fußball, Mädchensport, Tanzen, Sportspiele, Ballspiele</p>
<p>[/vc_column_text][/vc_column][vc_column width=&#8220;1/4&#8243;][vc_column_text css=&#8220;.vc_custom_1558006310654{background-color: #dd3333 !important;}&#8220;]</p>
<p style="text-align: center;"><span style="color: #ffffff;"><strong>Handwerkliche Angebote</strong></span></p>
<p>[/vc_column_text][vc_column_text]</p>
<p style="text-align: center;">z. B. Holzwerkstatt, Schülerfirma Buntmetalic, Kochen und Backen, Minitaturwunderland</p>
<p>[/vc_column_text][/vc_column][vc_column width=&#8220;1/4&#8243;][vc_column_text css=&#8220;.vc_custom_1557998422182{background-color: #1e73be !important;}&#8220;]</p>
<p style="text-align: center;"><span style="color: #ffffff;"><strong>Soziale Angebote</strong><br />
</span>[/vc_column_text][vc_column_text]</p>
<p style="text-align: center;">z.B. Schülervertretung, Mädchen-AG, Reso-Gang, Gesellschaftsspiele</p>
<p>[/vc_column_text][/vc_column][/vc_row]</p>
</div>

<p>[vc_row full_width=&#8220;stretch_row&#8220; css=&#8220;.vc_custom_1557998002288{padding-top: 45px !important;}&#8220;][vc_column][vc_column_text] An der Oberschule Am Ilmer Barg ist jeder Schüler von Klasse 5 bis 10 verpflichtet an mindestens einem Nachmittag in der Wochen an einer AG (Arbeitsgemeinschaft) teilzunehmen. Die Wahl der AG findet jeweils zu Beginn eines jeden Schuljahres statt. Sie ist ein Schuljahr gültig. Die Schüler wählen auch hier nach [&hellip;]</p>
