{"id":4237,"date":"2019-05-16T11:10:17","date_gmt":"2019-05-16T09:10:17","guid":{"rendered":"https:\/\/recursing-goldberg.89-163-214-15.plesk.page\/?page_id=4237"},"modified":"2019-09-29T09:43:37","modified_gmt":"2019-09-29T07:43:37","slug":"admissions-3-7","status":"publish","type":"page","link":"https:\/\/wordpress.ilmer-barg.de\/?page_id=4237","title":{"rendered":"Arbeitsgemeinschaften"},"content":{"rendered":"<div class=\"wpb-content-wrapper\"><p>[vc_row full_width=&#8220;stretch_row&#8220; css=&#8220;.vc_custom_1557998002288{padding-top: 45px !important;}&#8220;][vc_column][vc_column_text]<\/p>\n<section class=\"elementor-element elementor-element-b1ef104 elementor-section-boxed elementor-section-height-default elementor-section-height-default elementor-section elementor-top-section\" data-id=\"b1ef104\" data-element_type=\"section\">\n<div class=\"elementor-container elementor-column-gap-default\">\n<div class=\"elementor-row\">\n<div class=\"elementor-element elementor-element-b82e910 elementor-column elementor-col-100 elementor-top-column\" data-id=\"b82e910\" data-element_type=\"column\">\n<div class=\"elementor-column-wrap elementor-element-populated\">\n<div class=\"elementor-widget-wrap\">\n<div class=\"elementor-element elementor-element-66861cd elementor-widget elementor-widget-text-editor\" data-id=\"66861cd\" data-element_type=\"widget\" data-widget_type=\"text-editor.default\">\n<div class=\"elementor-widget-container\">\n<p class=\"elementor-text-editor elementor-clearfix\">Die Arbeitsgemeinschaften der Schule am Ilmer Barg erg\u00e4nzen das schulische Angebot am Vormittag f\u00fcr die Klassen 3 und 4. Verpflichtend w\u00e4hlen die Sch\u00fclerinnen und Sch\u00fcler zwei Angebote im zweiten Halbjahr nach ihrem pers\u00f6nlichen Interesse und ihren Neigungen. Die AGs werden nur im zweiten Halbjahr gew\u00e4hlt, um im ersten Halbjahr den Kunstunterricht in Doppelstunden anbieten zu k\u00f6nnen. F\u00fcr die inhaltliche Gestaltung der AGs sind unsere Lehrkr\u00e4fte und Schulsozialarbeiterinnen zust\u00e4ndig. Die Anzahl der Angebote variiert je nach Sch\u00fclerzahl pro Halbjahr.<\/p>\n<\/div>\n<\/div>\n<\/div>\n<\/div>\n<\/div>\n<\/div>\n<\/div>\n<\/section>\n<p>[\/vc_column_text][vc_separator][\/vc_column][\/vc_row][vc_row][vc_column width=&#8220;1\/5&#8243;][vc_column_text css=&#8220;.vc_custom_1557998271040{background-color: #dd9933 !important;}&#8220;]<\/p>\n<p style=\"text-align: center;\"><span style=\"color: #ffffff;\"><strong>Kreative Angebote<\/strong><\/span><\/p>\n<p>[\/vc_column_text][vc_column_text]<\/p>\n<p style=\"text-align: center;\">z.B. jahreszeitliches Basteln, Zeichnen, Holzwerkstatt, Schmuck basteln, Arbeiten mit Ton, Fadenkunst, Aquarellmalerei<\/p>\n<p>[\/vc_column_text][\/vc_column][vc_column width=&#8220;1\/5&#8243;][vc_column_text css=&#8220;.vc_custom_1557998309101{background-color: #25beed !important;}&#8220;]<\/p>\n<p style=\"text-align: center;\"><span style=\"color: #ffffff;\"><strong>Natur und Wissenschaft<br \/>\n<\/strong><\/span>[\/vc_column_text][vc_column_text]<\/p>\n<p style=\"text-align: center;\">z.B. Technik, Kochen und Co., Schulgarten, Steinzeit<\/p>\n<p>[\/vc_column_text][\/vc_column][vc_column width=&#8220;1\/5&#8243;][vc_column_text css=&#8220;.vc_custom_1557998350851{background-color: #dd3333 !important;}&#8220;]<\/p>\n<p style=\"text-align: center;\"><span style=\"color: #ffffff;\"><strong>Sprachliche Angebote<\/strong><\/span><\/p>\n<p>[\/vc_column_text][vc_column_text]<\/p>\n<p style=\"text-align: center;\">z.B. Franz\u00f6sisch, Sch\u00fclerzeitung, Theater<\/p>\n<p>[\/vc_column_text][\/vc_column][vc_column width=&#8220;1\/5&#8243;][vc_column_text css=&#8220;.vc_custom_1557998384185{background-color: #1fc4b3 !important;}&#8220;]<\/p>\n<p style=\"text-align: center;\"><span style=\"color: #ffffff;\"><strong>Sportliche Angebote<\/strong><\/span><\/p>\n<p>[\/vc_column_text][vc_column_text]<\/p>\n<p style=\"text-align: center;\">z.B. Tanzen, Sportspiele<\/p>\n<p>[\/vc_column_text][\/vc_column][vc_column width=&#8220;1\/5&#8243;][vc_column_text css=&#8220;.vc_custom_1557998422182{background-color: #1e73be !important;}&#8220;]<\/p>\n<p style=\"text-align: center;\"><span style=\"color: #ffffff;\"><strong>Soziale Angebote<\/strong><br \/>\n<\/span>[\/vc_column_text][vc_column_text]<\/p>\n<p style=\"text-align: center;\">z.B. Gesellschaftsspiele, Schach<\/p>\n<p>[\/vc_column_text][\/vc_column][\/vc_row]<\/p>\n<\/div>","protected":false},"excerpt":{"rendered":"<p>[vc_row full_width=&#8220;stretch_row&#8220; css=&#8220;.vc_custom_1557998002288{padding-top: 45px !important;}&#8220;][vc_column][vc_column_text] Die Arbeitsgemeinschaften der Schule am Ilmer Barg erg\u00e4nzen das schulische Angebot am Vormittag f\u00fcr die Klassen 3 und 4. Verpflichtend w\u00e4hlen die Sch\u00fclerinnen und Sch\u00fcler zwei Angebote im zweiten Halbjahr nach ihrem pers\u00f6nlichen Interesse und ihren Neigungen. Die AGs werden nur im zweiten Halbjahr gew\u00e4hlt, um im ersten Halbjahr den [&hellip;]<\/p>\n","protected":false},"author":5,"featured_media":0,"parent":0,"menu_order":0,"comment_status":"closed","ping_status":"closed","template":"","meta":{"footnotes":""},"class_list":["post-4237","page","type-page","status-publish","hentry"],"_links":{"self":[{"href":"https:\/\/wordpress.ilmer-barg.de\/index.php?rest_route=\/wp\/v2\/pages\/4237","targetHints":{"allow":["GET"]}}],"collection":[{"href":"https:\/\/wordpress.ilmer-barg.de\/index.php?rest_route=\/wp\/v2\/pages"}],"about":[{"href":"https:\/\/wordpress.ilmer-barg.de\/index.php?rest_route=\/wp\/v2\/types\/page"}],"author":[{"embeddable":true,"href":"https:\/\/wordpress.ilmer-barg.de\/index.php?rest_route=\/wp\/v2\/users\/5"}],"replies":[{"embeddable":true,"href":"https:\/\/wordpress.ilmer-barg.de\/index.php?rest_route=%2Fwp%2Fv2%2Fcomments&post=4237"}],"version-history":[{"count":17,"href":"https:\/\/wordpress.ilmer-barg.de\/index.php?rest_route=\/wp\/v2\/pages\/4237\/revisions"}],"predecessor-version":[{"id":4862,"href":"https:\/\/wordpress.ilmer-barg.de\/index.php?rest_route=\/wp\/v2\/pages\/4237\/revisions\/4862"}],"wp:attachment":[{"href":"https:\/\/wordpress.ilmer-barg.de\/index.php?rest_route=%2Fwp%2Fv2%2Fmedia&parent=4237"}],"curies":[{"name":"wp","href":"https:\/\/api.w.org\/{rel}","templated":true}]}}

<div class="wpb-content-wrapper"><p>[vc_row full_width=&#8220;stretch_row&#8220; css=&#8220;.vc_custom_1557998002288{padding-top: 45px !important;}&#8220;][vc_column][vc_column_text]</p>
<section class="elementor-element elementor-element-b1ef104 elementor-section-boxed elementor-section-height-default elementor-section-height-default elementor-section elementor-top-section" data-id="b1ef104" data-element_type="section">
<div class="elementor-container elementor-column-gap-default">
<div class="elementor-row">
<div class="elementor-element elementor-element-b82e910 elementor-column elementor-col-100 elementor-top-column" data-id="b82e910" data-element_type="column">
<div class="elementor-column-wrap elementor-element-populated">
<div class="elementor-widget-wrap">
<div class="elementor-element elementor-element-66861cd elementor-widget elementor-widget-text-editor" data-id="66861cd" data-element_type="widget" data-widget_type="text-editor.default">
<div class="elementor-widget-container">
<p class="elementor-text-editor elementor-clearfix">Die Arbeitsgemeinschaften der Schule am Ilmer Barg ergänzen das schulische Angebot am Vormittag für die Klassen 3 und 4. Verpflichtend wählen die Schülerinnen und Schüler zwei Angebote im zweiten Halbjahr nach ihrem persönlichen Interesse und ihren Neigungen. Die AGs werden nur im zweiten Halbjahr gewählt, um im ersten Halbjahr den Kunstunterricht in Doppelstunden anbieten zu können. Für die inhaltliche Gestaltung der AGs sind unsere Lehrkräfte und Schulsozialarbeiterinnen zuständig. Die Anzahl der Angebote variiert je nach Schülerzahl pro Halbjahr.</p>
</div>
</div>
</div>
</div>
</div>
</div>
</div>
</section>
<p>[/vc_column_text][vc_separator][/vc_column][/vc_row][vc_row][vc_column width=&#8220;1/5&#8243;][vc_column_text css=&#8220;.vc_custom_1557998271040{background-color: #dd9933 !important;}&#8220;]</p>
<p style="text-align: center;"><span style="color: #ffffff;"><strong>Kreative Angebote</strong></span></p>
<p>[/vc_column_text][vc_column_text]</p>
<p style="text-align: center;">z.B. jahreszeitliches Basteln, Zeichnen, Holzwerkstatt, Schmuck basteln, Arbeiten mit Ton, Fadenkunst, Aquarellmalerei</p>
<p>[/vc_column_text][/vc_column][vc_column width=&#8220;1/5&#8243;][vc_column_text css=&#8220;.vc_custom_1557998309101{background-color: #25beed !important;}&#8220;]</p>
<p style="text-align: center;"><span style="color: #ffffff;"><strong>Natur und Wissenschaft<br />
</strong></span>[/vc_column_text][vc_column_text]</p>
<p style="text-align: center;">z.B. Technik, Kochen und Co., Schulgarten, Steinzeit</p>
<p>[/vc_column_text][/vc_column][vc_column width=&#8220;1/5&#8243;][vc_column_text css=&#8220;.vc_custom_1557998350851{background-color: #dd3333 !important;}&#8220;]</p>
<p style="text-align: center;"><span style="color: #ffffff;"><strong>Sprachliche Angebote</strong></span></p>
<p>[/vc_column_text][vc_column_text]</p>
<p style="text-align: center;">z.B. Französisch, Schülerzeitung, Theater</p>
<p>[/vc_column_text][/vc_column][vc_column width=&#8220;1/5&#8243;][vc_column_text css=&#8220;.vc_custom_1557998384185{background-color: #1fc4b3 !important;}&#8220;]</p>
<p style="text-align: center;"><span style="color: #ffffff;"><strong>Sportliche Angebote</strong></span></p>
<p>[/vc_column_text][vc_column_text]</p>
<p style="text-align: center;">z.B. Tanzen, Sportspiele</p>
<p>[/vc_column_text][/vc_column][vc_column width=&#8220;1/5&#8243;][vc_column_text css=&#8220;.vc_custom_1557998422182{background-color: #1e73be !important;}&#8220;]</p>
<p style="text-align: center;"><span style="color: #ffffff;"><strong>Soziale Angebote</strong><br />
</span>[/vc_column_text][vc_column_text]</p>
<p style="text-align: center;">z.B. Gesellschaftsspiele, Schach</p>
<p>[/vc_column_text][/vc_column][/vc_row]</p>
</div>

<p>[vc_row full_width=&#8220;stretch_row&#8220; css=&#8220;.vc_custom_1557998002288{padding-top: 45px !important;}&#8220;][vc_column][vc_column_text] Die Arbeitsgemeinschaften der Schule am Ilmer Barg ergänzen das schulische Angebot am Vormittag für die Klassen 3 und 4. Verpflichtend wählen die Schülerinnen und Schüler zwei Angebote im zweiten Halbjahr nach ihrem persönlichen Interesse und ihren Neigungen. Die AGs werden nur im zweiten Halbjahr gewählt, um im ersten Halbjahr den [&hellip;]</p>
