{"id":4180,"date":"2019-05-16T09:28:41","date_gmt":"2019-05-16T07:28:41","guid":{"rendered":"https:\/\/recursing-goldberg.89-163-214-15.plesk.page\/?page_id=4180"},"modified":"2019-09-24T20:51:05","modified_gmt":"2019-09-24T18:51:05","slug":"admissions-3-4","status":"publish","type":"page","link":"https:\/\/wordpress.ilmer-barg.de\/?page_id=4180","title":{"rendered":"Standort Roydorf"},"content":{"rendered":"<div class=\"wpb-content-wrapper\"><p>[vc_row full_width=&#8220;stretch_row&#8220; css=&#8220;.vc_custom_1548768070130{padding-top: 45px !important;padding-bottom: 40px !important;}&#8220;][vc_column width=&#8220;2\/3&#8243;][vc_column_text]<\/p>\n<section class=\"elementor-element elementor-element-b1ef104 elementor-section-boxed elementor-section-height-default elementor-section-height-default elementor-section elementor-top-section\" data-id=\"b1ef104\" data-element_type=\"section\">\n<div class=\"elementor-container elementor-column-gap-default\">\n<div class=\"elementor-row\">\n<div class=\"elementor-element elementor-element-b82e910 elementor-column elementor-col-100 elementor-top-column\" data-id=\"b82e910\" data-element_type=\"column\">\n<div class=\"elementor-column-wrap elementor-element-populated\">\n<div class=\"elementor-widget-wrap\">\n<div class=\"elementor-element elementor-element-66861cd elementor-widget elementor-widget-text-editor\" data-id=\"66861cd\" data-element_type=\"widget\" data-widget_type=\"text-editor.default\">\n<div class=\"elementor-widget-container\">\n<div class=\"elementor-text-editor elementor-clearfix\">\n<p>Den zwei- bis dreiz\u00fcgig gef\u00fchrten Grundschulzweig unserer Grund- und Oberschule am Ilmer Barg besuchen ca.180 Sch\u00fclerinnen und Sch\u00fcler.<\/p>\n<p>In Roydorf arbeiten 19 Lehrkr\u00e4fte und 6 p\u00e4dagogische Mitarbeiterinnen, die den Vertretungsunterricht und die Betreuung bis 12.55 Uhr \u00fcbernehmen. 3 F\u00f6rderschullehrkr\u00e4fte sind zust\u00e4ndig f\u00fcr die inklusive Beschulung von Kindern mit Unterst\u00fctzungsbedarf. Im sozial-emotionalen Bereich unterst\u00fctzt zus\u00e4tzlich unsere Schulsozialp\u00e4dagogin.<\/p>\n<p>Unser Sekretariat wird von zwei Sekret\u00e4rinnen geleitet. Sie sind Ansprechpartnerinnen f\u00fcr die Kinder, Eltern, Lehrkr\u00e4fte und Mitarbeiter\/Mitarbeiterinnen der Schule. Ein Hausmeister k\u00fcmmert sich um unser Schulgeb\u00e4ude, die Sporthalle und das Schulgel\u00e4nde.<\/p>\n<p>Der Ganztag wird von unserem Kooperationspartner P\u00e4din aus L\u00fcneburg organisiert.<\/p>\n<\/div>\n<\/div>\n<\/div>\n<\/div>\n<\/div>\n<\/div>\n<\/div>\n<\/div>\n<\/section>\n<p>[\/vc_column_text][\/vc_column][vc_column width=&#8220;1\/3&#8243;][vc_single_image image=&#8220;4181&#8243; img_size=&#8220;full&#8220; onclick=&#8220;link_image&#8220;][\/vc_column][\/vc_row][vc_row][vc_column width=&#8220;1\/3&#8243;][vc_single_image image=&#8220;4104&#8243; img_size=&#8220;large&#8220; onclick=&#8220;link_image&#8220;][\/vc_column][vc_column width=&#8220;1\/3&#8243;][vc_single_image image=&#8220;4182&#8243; img_size=&#8220;large&#8220; onclick=&#8220;link_image&#8220;][\/vc_column][vc_column width=&#8220;1\/3&#8243;][vc_single_image image=&#8220;3847&#8243; img_size=&#8220;large&#8220;][\/vc_column][\/vc_row]<\/p>\n<\/div>","protected":false},"excerpt":{"rendered":"<p>[vc_row full_width=&#8220;stretch_row&#8220; css=&#8220;.vc_custom_1548768070130{padding-top: 45px !important;padding-bottom: 40px !important;}&#8220;][vc_column width=&#8220;2\/3&#8243;][vc_column_text] Den zwei- bis dreiz\u00fcgig gef\u00fchrten Grundschulzweig unserer Grund- und Oberschule am Ilmer Barg besuchen ca.180 Sch\u00fclerinnen und Sch\u00fcler. In Roydorf arbeiten 19 Lehrkr\u00e4fte und 6 p\u00e4dagogische Mitarbeiterinnen, die den Vertretungsunterricht und die Betreuung bis 12.55 Uhr \u00fcbernehmen. 3 F\u00f6rderschullehrkr\u00e4fte sind zust\u00e4ndig f\u00fcr die inklusive Beschulung von Kindern [&hellip;]<\/p>\n","protected":false},"author":5,"featured_media":0,"parent":0,"menu_order":0,"comment_status":"closed","ping_status":"closed","template":"","meta":{"footnotes":""},"class_list":["post-4180","page","type-page","status-publish","hentry"],"_links":{"self":[{"href":"https:\/\/wordpress.ilmer-barg.de\/index.php?rest_route=\/wp\/v2\/pages\/4180","targetHints":{"allow":["GET"]}}],"collection":[{"href":"https:\/\/wordpress.ilmer-barg.de\/index.php?rest_route=\/wp\/v2\/pages"}],"about":[{"href":"https:\/\/wordpress.ilmer-barg.de\/index.php?rest_route=\/wp\/v2\/types\/page"}],"author":[{"embeddable":true,"href":"https:\/\/wordpress.ilmer-barg.de\/index.php?rest_route=\/wp\/v2\/users\/5"}],"replies":[{"embeddable":true,"href":"https:\/\/wordpress.ilmer-barg.de\/index.php?rest_route=%2Fwp%2Fv2%2Fcomments&post=4180"}],"version-history":[{"count":10,"href":"https:\/\/wordpress.ilmer-barg.de\/index.php?rest_route=\/wp\/v2\/pages\/4180\/revisions"}],"predecessor-version":[{"id":4859,"href":"https:\/\/wordpress.ilmer-barg.de\/index.php?rest_route=\/wp\/v2\/pages\/4180\/revisions\/4859"}],"wp:attachment":[{"href":"https:\/\/wordpress.ilmer-barg.de\/index.php?rest_route=%2Fwp%2Fv2%2Fmedia&parent=4180"}],"curies":[{"name":"wp","href":"https:\/\/api.w.org\/{rel}","templated":true}]}}