{"id":3895,"date":"2019-02-11T08:43:38","date_gmt":"2019-02-11T07:43:38","guid":{"rendered":"https:\/\/recursing-goldberg.89-163-214-15.plesk.page\/?page_id=3895"},"modified":"2022-11-24T22:18:58","modified_gmt":"2022-11-24T21:18:58","slug":"academic-calendar-3-2","status":"publish","type":"page","link":"https:\/\/wordpress.ilmer-barg.de\/?page_id=3895","title":{"rendered":"Profile Oberschule"},"content":{"rendered":"<div class=\"wpb-content-wrapper\"><p>[vc_row css=&#8220;.vc_custom_1549869499012{padding-top: 80px !important;}&#8220;][vc_column][stm_title title_tag=&#8220;h2&#8243; title=&#8220;Pers\u00f6nliche St\u00e4rken&#8220;][\/stm_title][vc_column_text]Seit dem Schuljahr 2016\/2017 gibt es an unserer Schule die M\u00f6glichkeit in Jahrgang 9 und 10 einen pers\u00f6nlichen Schwerpunkt zu setzen, der mit dem sp\u00e4teren Berufswunsch zusammenh\u00e4ngt \u2013 das hei\u00dft die Sch\u00fcler k\u00f6nnen sich in einem bestimmten Bereich schon w\u00e4hrend der Schulzeit genauer fortbilden und Erfahrungen sammeln. Diese Bereiche werden Profile genannt.[\/vc_column_text][\/vc_column][\/vc_row][vc_row][vc_column width=&#8220;1\/4&#8243;][vc_single_image image=&#8220;4289&#8243; img_size=&#8220;large&#8220; onclick=&#8220;link_image&#8220;][vc_column_text]<span style=\"font-size: 12pt;\"><span style=\"font-size: 14pt;\"><strong>Fremdsprachen<\/strong> <\/span><br \/>\n(Frau Falk)<strong><br \/>\n<\/strong><\/span>[\/vc_column_text][\/vc_column][vc_column width=&#8220;1\/4&#8243;][vc_single_image image=&#8220;4290&#8243; img_size=&#8220;large&#8220; onclick=&#8220;link_image&#8220;][vc_column_text]<span style=\"font-size: 12pt;\"><span style=\"font-size: 14pt;\"><strong>Wirtschaft<br \/>\n<\/strong><\/span>(Herr Vakant)<strong><br \/>\n<\/strong><\/span>[\/vc_column_text][\/vc_column][vc_column width=&#8220;1\/4&#8243;][vc_single_image image=&#8220;4291&#8243; img_size=&#8220;large&#8220; onclick=&#8220;link_image&#8220;][vc_column_text]<span style=\"font-size: 12pt;\"><span style=\"font-size: 14pt;\"><strong>Gesundheit und Soziales<br \/>\n<\/strong><\/span>(Frau Lilienthal)<strong><br \/>\n<\/strong><\/span>[\/vc_column_text][\/vc_column][vc_column width=&#8220;1\/4&#8243;][vc_single_image image=&#8220;4292&#8243; img_size=&#8220;large&#8220; onclick=&#8220;link_image&#8220;][vc_column_text]<span style=\"font-size: 12pt;\"><span style=\"font-size: 14pt;\"><strong>Naturwissenschaften<br \/>\nund Technik<br \/>\n<\/strong><\/span>(Herr Bohl, Herr Heitmann, Frau Freckmann)<strong><br \/>\n<\/strong><\/span>[\/vc_column_text][\/vc_column][\/vc_row][vc_row][vc_column][vc_separator][\/vc_column][\/vc_row][vc_row css=&#8220;.vc_custom_1558006085879{padding-bottom: 40px !important;}&#8220;][vc_column width=&#8220;2\/3&#8243;][vc_column_text]Ein Profil w\u00e4hlen kann ein Sch\u00fcler, der mindestens zwei E-Kurse belegt. Es wird f\u00fcr ein komplettes Schuljahr gew\u00e4hlt. Im Fach Franz\u00f6sisch ist es notwendig, dass bereits in den vorherigen Schuljahren Franz\u00f6sisch belegt wurde.<br \/>\nDer Unterricht findet einmal pro Woche in einer Doppelstunde statt, w\u00e4hrend alle anderen Sch\u00fcler am Deutsch- und Mathematik-F\u00f6rderunterricht teilnehmen.<\/p>\n<p>Im Profilunterricht werden zus\u00e4tzliche Leistungen verlangt wie z.B. Hausaufgaben, Klassenarbeiten und Referate oder \u00e4hnliche Projekte anfertigen. Die Note im Zeugnis hat Einfluss auf die Abschlussnote.[\/vc_column_text][\/vc_column][vc_column width=&#8220;1\/3&#8243;][vc_column_text]Zus\u00e4tzliche Informationen zu den Inhalten der Profile lassen sich im Flyer nachlesen.[\/vc_column_text][vc_btn title=&#8220;Das Profil Fremdsprachen&#8220; style=&#8220;classic&#8220; shape=&#8220;square&#8220; color=&#8220;success&#8220; link=&#8220;url:https%3A%2F%2Frecursing-goldberg.89-163-214-15.plesk.page%2Fwp-content%2Fuploads%2F2019%2F06%2FDas-Profil-Fremdsprachen.pdf||target:%20_blank|&#8220;][vc_btn title=&#8220;Das Profil Wirtschaft&#8220; style=&#8220;classic&#8220; shape=&#8220;square&#8220; color=&#8220;success&#8220; link=&#8220;url:https%3A%2F%2Frecursing-goldberg.89-163-214-15.plesk.page%2Fwp-content%2Fuploads%2F2019%2F06%2FDas-Profil-Wirtschaft.pdf||target:%20_blank|&#8220;][vc_btn title=&#8220;Das Profil Gesundheit und Soziales&#8220; style=&#8220;classic&#8220; shape=&#8220;square&#8220; color=&#8220;success&#8220; link=&#8220;url:https%3A%2F%2Frecursing-goldberg.89-163-214-15.plesk.page%2Fwp-content%2Fuploads%2F2019%2F06%2FDas-Profil-Gesundheit-und-Soziales.pdf||target:%20_blank|&#8220;][vc_btn title=&#8220;Das Profil Technik&#8220; style=&#8220;classic&#8220; shape=&#8220;square&#8220; color=&#8220;success&#8220; link=&#8220;url:https%3A%2F%2Frecursing-goldberg.89-163-214-15.plesk.page%2Fwp-content%2Fuploads%2F2019%2F06%2FDas-Profil-Technik.pdf|||&#8220;][\/vc_column][\/vc_row]<\/p>\n<\/div>","protected":false},"excerpt":{"rendered":"<p>[vc_row css=&#8220;.vc_custom_1549869499012{padding-top: 80px !important;}&#8220;][vc_column][stm_title title_tag=&#8220;h2&#8243; title=&#8220;Pers\u00f6nliche St\u00e4rken&#8220;][\/stm_title][vc_column_text]Seit dem Schuljahr 2016\/2017 gibt es an unserer Schule die M\u00f6glichkeit in Jahrgang 9 und 10 einen pers\u00f6nlichen Schwerpunkt zu setzen, der mit dem sp\u00e4teren Berufswunsch zusammenh\u00e4ngt \u2013 das hei\u00dft die Sch\u00fcler k\u00f6nnen sich in einem bestimmten Bereich schon w\u00e4hrend der Schulzeit genauer fortbilden und Erfahrungen sammeln. Diese Bereiche [&hellip;]<\/p>\n","protected":false},"author":5,"featured_media":0,"parent":0,"menu_order":0,"comment_status":"closed","ping_status":"closed","template":"","meta":{"footnotes":""},"class_list":["post-3895","page","type-page","status-publish","hentry"],"_links":{"self":[{"href":"https:\/\/wordpress.ilmer-barg.de\/index.php?rest_route=\/wp\/v2\/pages\/3895","targetHints":{"allow":["GET"]}}],"collection":[{"href":"https:\/\/wordpress.ilmer-barg.de\/index.php?rest_route=\/wp\/v2\/pages"}],"about":[{"href":"https:\/\/wordpress.ilmer-barg.de\/index.php?rest_route=\/wp\/v2\/types\/page"}],"author":[{"embeddable":true,"href":"https:\/\/wordpress.ilmer-barg.de\/index.php?rest_route=\/wp\/v2\/users\/5"}],"replies":[{"embeddable":true,"href":"https:\/\/wordpress.ilmer-barg.de\/index.php?rest_route=%2Fwp%2Fv2%2Fcomments&post=3895"}],"version-history":[{"count":16,"href":"https:\/\/wordpress.ilmer-barg.de\/index.php?rest_route=\/wp\/v2\/pages\/3895\/revisions"}],"predecessor-version":[{"id":7698,"href":"https:\/\/wordpress.ilmer-barg.de\/index.php?rest_route=\/wp\/v2\/pages\/3895\/revisions\/7698"}],"wp:attachment":[{"href":"https:\/\/wordpress.ilmer-barg.de\/index.php?rest_route=%2Fwp%2Fv2%2Fmedia&parent=3895"}],"curies":[{"name":"wp","href":"https:\/\/api.w.org\/{rel}","templated":true}]}}