{"id":3657,"date":"2019-01-30T09:31:26","date_gmt":"2019-01-30T08:31:26","guid":{"rendered":"https:\/\/recursing-goldberg.89-163-214-15.plesk.page\/?page_id=3657"},"modified":"2026-04-30T11:49:03","modified_gmt":"2026-04-30T09:49:03","slug":"admissions-2-2","status":"publish","type":"page","link":"https:\/\/wordpress.ilmer-barg.de\/?page_id=3657","title":{"rendered":"Kollegium"},"content":{"rendered":"<div class=\"wpb-content-wrapper\"><p>[vc_row full_width=&#8220;stretch_row&#8220; css=&#8220;.vc_custom_1548768070130{padding-top: 45px !important;padding-bottom: 40px !important;}&#8220;][vc_column width=&#8220;1\/2&#8243;][vc_single_image image=&#8220;3660&#8243; img_size=&#8220;full&#8220;][\/vc_column][vc_column width=&#8220;1\/2&#8243;][vc_column_text css=&#8220;&#8220;]Unser Kollegium besteht derzeit aus \u00fcber 60 Lehrern. Die Regelschullehrkr\u00e4fte werden von 10 F\u00f6rderschullehrkr\u00e4ften unterst\u00fctzt. Als Ausbildungsschule betreuen wir mehrere Lehramtsanw\u00e4rter an Grund- und Oberschule. Zus\u00e4tzlich betreuen wir in Kooperation mit der Leuphana Universit\u00e4t j\u00e4hrlich von Februar bis Juni Lehramtsstudierende w\u00e4hrend ihrer Schulpraktika.[\/vc_column_text][\/vc_column][\/vc_row]<\/p>\n<\/div>","protected":false},"excerpt":{"rendered":"<p>[vc_row full_width=&#8220;stretch_row&#8220; css=&#8220;.vc_custom_1548768070130{padding-top: 45px !important;padding-bottom: 40px !important;}&#8220;][vc_column width=&#8220;1\/2&#8243;][vc_single_image image=&#8220;3660&#8243; img_size=&#8220;full&#8220;][\/vc_column][vc_column width=&#8220;1\/2&#8243;][vc_column_text css=&#8220;&#8220;]Unser Kollegium besteht derzeit aus \u00fcber 60 Lehrern. Die Regelschullehrkr\u00e4fte werden von 10 F\u00f6rderschullehrkr\u00e4ften unterst\u00fctzt. Als Ausbildungsschule betreuen wir mehrere Lehramtsanw\u00e4rter an Grund- und Oberschule. Zus\u00e4tzlich betreuen wir in Kooperation mit der Leuphana Universit\u00e4t j\u00e4hrlich von Februar bis Juni Lehramtsstudierende w\u00e4hrend ihrer Schulpraktika.[\/vc_column_text][\/vc_column][\/vc_row]<\/p>\n","protected":false},"author":5,"featured_media":0,"parent":0,"menu_order":0,"comment_status":"closed","ping_status":"closed","template":"","meta":{"footnotes":""},"class_list":["post-3657","page","type-page","status-publish","hentry"],"_links":{"self":[{"href":"https:\/\/wordpress.ilmer-barg.de\/index.php?rest_route=\/wp\/v2\/pages\/3657","targetHints":{"allow":["GET"]}}],"collection":[{"href":"https:\/\/wordpress.ilmer-barg.de\/index.php?rest_route=\/wp\/v2\/pages"}],"about":[{"href":"https:\/\/wordpress.ilmer-barg.de\/index.php?rest_route=\/wp\/v2\/types\/page"}],"author":[{"embeddable":true,"href":"https:\/\/wordpress.ilmer-barg.de\/index.php?rest_route=\/wp\/v2\/users\/5"}],"replies":[{"embeddable":true,"href":"https:\/\/wordpress.ilmer-barg.de\/index.php?rest_route=%2Fwp%2Fv2%2Fcomments&post=3657"}],"version-history":[{"count":7,"href":"https:\/\/wordpress.ilmer-barg.de\/index.php?rest_route=\/wp\/v2\/pages\/3657\/revisions"}],"predecessor-version":[{"id":9909,"href":"https:\/\/wordpress.ilmer-barg.de\/index.php?rest_route=\/wp\/v2\/pages\/3657\/revisions\/9909"}],"wp:attachment":[{"href":"https:\/\/wordpress.ilmer-barg.de\/index.php?rest_route=%2Fwp%2Fv2%2Fmedia&parent=3657"}],"curies":[{"name":"wp","href":"https:\/\/api.w.org\/{rel}","templated":true}]}}