{"id":3642,"date":"2019-01-30T09:21:06","date_gmt":"2019-01-30T08:21:06","guid":{"rendered":"https:\/\/recursing-goldberg.89-163-214-15.plesk.page\/?page_id=3642"},"modified":"2025-12-17T05:31:22","modified_gmt":"2025-12-17T04:31:22","slug":"admissions-2","status":"publish","type":"page","link":"https:\/\/wordpress.ilmer-barg.de\/?page_id=3642","title":{"rendered":"Schulleitung"},"content":{"rendered":"<div class=\"wpb-content-wrapper\"><p>[vc_row full_width=&#8220;stretch_row&#8220; css=&#8220;.vc_custom_1548768070130{padding-top: 45px !important;padding-bottom: 40px !important;}&#8220;][vc_column width=&#8220;1\/2&#8243;][vc_single_image image=&#8220;3646&#8243; img_size=&#8220;full&#8220; onclick=&#8220;link_image&#8220;][\/vc_column][vc_column width=&#8220;1\/2&#8243;][stm_title title_tag=&#8220;h2&#8243; sep_enable=&#8220;true&#8220; title=&#8220;Rolf Heitmann (Schulleiter)&#8220;][\/stm_title][vc_column_text css=&#8220;&#8220;]Mein Name ist Rolf Heitmann, seit Sommer 2015 bin ich an der Grund- und Oberschule am Ilmer Barg t\u00e4tig. Bis 2022 war ich stellvertretender Schulleiter und habe seit Oktober 2022 zeitweise kommissarisch die Schulleitung \u00fcbernommen. Meine F\u00e4cher sind Mathematik, Physik und Informatik. Seit Oktober 2024 leite ich die Schule.<\/p>\n<p>Zu meinen Hauptaufgaben z\u00e4hlen die Vertretung der Schule nach au\u00dfen, der Vorsitz in der Gesamtkonferenz und im Schulvorstand, die Erstellung eines j\u00e4hrlichen Plans f\u00fcr die Verwendung der Haushaltsmittel und die Bewirtschaftung der Budgets. Au\u00dferdem erstelle ich j\u00e4hrlich einen Plan f\u00fcr den Personaleinsatz und lege \u00fcber die Verwendung der Haushaltsmittel gegen\u00fcber dem Schulvorstand Rechenschaft ab.[\/vc_column_text][stm_contact_person email=&#8220;schulleitung@gobs-winsen.de&#8220;][\/vc_column][\/vc_row][vc_row][vc_column][vc_separator][\/vc_column][\/vc_row][vc_row full_width=&#8220;stretch_row&#8220; css=&#8220;.vc_custom_1548768070130{padding-top: 45px !important;padding-bottom: 40px !important;}&#8220;][vc_column width=&#8220;1\/2&#8243;][vc_single_image image=&#8220;7605&#8243; img_size=&#8220;full&#8220; onclick=&#8220;link_image&#8220;][\/vc_column][vc_column width=&#8220;1\/2&#8243;][stm_title title_tag=&#8220;h2&#8243; sep_enable=&#8220;true&#8220; title=&#8220;Birgitt Carstens (Konrektorin)&#8220;][\/stm_title][vc_column_text]Mein Name ist Birgitt Carstens und ich arbeite seit 2002 am Ilmer Barg. Ich unterrichte als Klassenlehrerin in der Grundschule und zus\u00e4tzlich als Fachlehrerin in der Oberschule. Seit 2018 organisiere ich den Ganztag der Klassen 5 bis 10. Als 2. Konrektorin behalte ich die vielf\u00e4ltigen Arbeitsbereiche der Grundschule im Blick. Ich bin f\u00fcr die Organisation der verl\u00e4sslichen Grundschule und der Ganztagsbetreuung zust\u00e4ndig und gestalte die \u00dcberg\u00e4nge von Kita zur Grundschule sowie von Grundschule zur weiterf\u00fchrenden Schule. F\u00fcr alle Anfragen rund um die Grundschule stehe ich zur Verf\u00fcgung.[\/vc_column_text][stm_contact_person email=&#8220;schulleitung@gobs-winsen.de&#8220;][\/vc_column][\/vc_row][vc_row][vc_column][vc_separator][\/vc_column][\/vc_row][vc_row full_width=&#8220;stretch_row&#8220; css=&#8220;.vc_custom_1548768070130{padding-top: 45px !important;padding-bottom: 40px !important;}&#8220;][vc_column width=&#8220;1\/2&#8243;][vc_single_image image=&#8220;3650&#8243; img_size=&#8220;full&#8220; onclick=&#8220;link_image&#8220;][\/vc_column][vc_column width=&#8220;1\/2&#8243;][stm_title title_tag=&#8220;h2&#8243; sep_enable=&#8220;true&#8220; title=&#8220;Lennart Walter (2. Konrektor)&#8220;][\/stm_title][vc_column_text]Seit 2006 arbeite ich am Ilmer Barg. \u00dcber meine F\u00e4cher Mathematik und Sport hinaus habe ich mich relativ schnell in verschiedenen Gremien f\u00fcr die Bereiche Handwerk, Wirtschaft, Sch\u00fclerfirmen, Informatik und Berufsorientierung stark gemacht.<br \/>\nNeben Planung und Organisation k\u00fcmmere ich mich um die Optimierung von Verwaltungsabl\u00e4ufen in der Schule.[\/vc_column_text][stm_contact_person email=&#8220;schulleitung@gobs-winsen.de&#8220;][\/vc_column][\/vc_row][vc_row][vc_column][vc_separator][\/vc_column][\/vc_row][vc_row full_width=&#8220;stretch_row&#8220; css=&#8220;.vc_custom_1548768070130{padding-top: 45px !important;padding-bottom: 40px !important;}&#8220;][vc_column width=&#8220;1\/2&#8243;][vc_single_image image=&#8220;3655&#8243; img_size=&#8220;full&#8220; onclick=&#8220;link_image&#8220;][\/vc_column][vc_column width=&#8220;1\/2&#8243;][stm_title title_tag=&#8220;h2&#8243; sep_enable=&#8220;true&#8220; title=&#8220;Piet Bohl (Didaktischer Leiter)&#8220;][\/stm_title][vc_column_text]Seit dem Jahr 2000 bin ich schon an der Schule am Ilmer Barg und unterrichte vor allem Gestaltendes Werken, Technik, Informatik und Kunst. Au\u00dferdem leite ich die Sch\u00fclerfirma\u00a0<a href=\"http:\/\/www.buntmetallica.de\/\">www.buntmetallica.de<\/a>, in der mit professionellem Werkzeug und Kreativit\u00e4t Produkte hergestellt und verkauft werden. Als Didaktischer Leiter bin ich zust\u00e4ndig f\u00fcr die Unterrichtsqualit\u00e4t an unserer Schule.[\/vc_column_text][stm_contact_person email=&#8220;herr.bohl@gobs-winsen.de&#8220;][\/vc_column][\/vc_row][vc_row][vc_column][vc_separator][\/vc_column][\/vc_row][vc_row][vc_column width=&#8220;1\/2&#8243;][vc_column_text]Eine \u00dcbersicht \u00fcber die gesamte Gesch\u00e4ftsverteilung finden Sie hier:[\/vc_column_text][\/vc_column][vc_column width=&#8220;1\/2&#8243;][vc_btn title=&#8220;Gesch\u00e4ftsverteilung&#8220; color=&#8220;success&#8220; size=&#8220;lg&#8220; align=&#8220;center&#8220; button_block=&#8220;true&#8220; link=&#8220;url:https%3A%2F%2Frecursing-goldberg.89-163-214-15.plesk.page%2F%3Fpage_id%3D6856&#8243;][\/vc_column][\/vc_row][vc_row][vc_column][vc_separator][\/vc_column][\/vc_row]<\/p>\n<\/div>","protected":false},"excerpt":{"rendered":"<p>[vc_row full_width=&#8220;stretch_row&#8220; css=&#8220;.vc_custom_1548768070130{padding-top: 45px !important;padding-bottom: 40px !important;}&#8220;][vc_column width=&#8220;1\/2&#8243;][vc_single_image image=&#8220;3646&#8243; img_size=&#8220;full&#8220; onclick=&#8220;link_image&#8220;][\/vc_column][vc_column width=&#8220;1\/2&#8243;][stm_title title_tag=&#8220;h2&#8243; sep_enable=&#8220;true&#8220; title=&#8220;Rolf Heitmann (Schulleiter)&#8220;][\/stm_title][vc_column_text css=&#8220;&#8220;]Mein Name ist Rolf Heitmann, seit Sommer 2015 bin ich an der Grund- und Oberschule am Ilmer Barg t\u00e4tig. Bis 2022 war ich stellvertretender Schulleiter und habe seit Oktober 2022 zeitweise kommissarisch die Schulleitung \u00fcbernommen. Meine F\u00e4cher sind [&hellip;]<\/p>\n","protected":false},"author":5,"featured_media":0,"parent":0,"menu_order":0,"comment_status":"closed","ping_status":"closed","template":"","meta":{"footnotes":""},"class_list":["post-3642","page","type-page","status-publish","hentry"],"_links":{"self":[{"href":"https:\/\/wordpress.ilmer-barg.de\/index.php?rest_route=\/wp\/v2\/pages\/3642","targetHints":{"allow":["GET"]}}],"collection":[{"href":"https:\/\/wordpress.ilmer-barg.de\/index.php?rest_route=\/wp\/v2\/pages"}],"about":[{"href":"https:\/\/wordpress.ilmer-barg.de\/index.php?rest_route=\/wp\/v2\/types\/page"}],"author":[{"embeddable":true,"href":"https:\/\/wordpress.ilmer-barg.de\/index.php?rest_route=\/wp\/v2\/users\/5"}],"replies":[{"embeddable":true,"href":"https:\/\/wordpress.ilmer-barg.de\/index.php?rest_route=%2Fwp%2Fv2%2Fcomments&post=3642"}],"version-history":[{"count":33,"href":"https:\/\/wordpress.ilmer-barg.de\/index.php?rest_route=\/wp\/v2\/pages\/3642\/revisions"}],"predecessor-version":[{"id":9571,"href":"https:\/\/wordpress.ilmer-barg.de\/index.php?rest_route=\/wp\/v2\/pages\/3642\/revisions\/9571"}],"wp:attachment":[{"href":"https:\/\/wordpress.ilmer-barg.de\/index.php?rest_route=%2Fwp%2Fv2%2Fmedia&parent=3642"}],"curies":[{"name":"wp","href":"https:\/\/api.w.org\/{rel}","templated":true}]}}